lse
Is 6233126917 a prime number?
True
Is 4528956461 composite?
False
Is 25994990849 prime?
True
Is 3321022429 composite?
False
Is 27401699341 composite?
False
Is 22273002841 a prime number?
False
Is 31584823541 a prime number?
True
Is 5803575803 prime?
True
Is 452316289 a prime number?
True
Is 61555797209 a composite number?
False
Is 15646543163 a prime number?
False
Is 1408745567 a prime number?
True
Is 285454021 composite?
True
Is 51803113 composite?
False
Is 105061333 a composite number?
True
Is 84550471097 a composite number?
True
Is 9010861597 composite?
True
Is 547735813 prime?
True
Is 4785065398 a prime number?
False
Is 2903991481 composite?
True
Is 2536780859 a prime number?
True
Is 4755049751 composite?
True
Is 68573553 composite?
True
Is 152922779 a prime number?
True
Is 12561630733 a composite number?
True
Is 688181863 a composite number?
False
Is 196414859 a prime number?
True
Is 24945340163 composite?
True
Is 6863353423 prime?
True
Is 12692837609 a prime number?
True
Is 1666688383 prime?
False
Is 2697026201 a prime number?
False
Is 86409761719 a prime number?
False
Is 378276194 a prime number?
False
Is 320945221 a prime number?
True
Is 519610405 a prime number?
False
Is 8162090327 composite?
False
Is 19241809319 a prime number?
True
Is 19845743 a composite number?
False
Is 29125162363 prime?
False
Is 69772391329 a prime number?
True
Is 610372812235 composite?
True
Is 356679119 a prime number?
False
Is 102275707 prime?
True
Is 406749416597 a prime number?
True
Is 204110939 composite?
True
Is 528896273 composite?
True
Is 336111227601 prime?
False
Is 23674749419 composite?
False
Is 2728054535 a prime number?
False
Is 60366667219 a composite number?
True
Is 30865708537 a prime number?
False
Is 661418809 a prime number?
True
Is 211304635 prime?
False
Is 7289481623 a composite number?
False
Is 26379952219 a prime number?
True
Is 1287304495 prime?
False
Is 68002837627 a prime number?
False
Is 14978187155 composite?
True
Is 24785112643 a prime number?
False
Is 35451688757 a prime number?
True
Is 96001703737 composite?
True
Is 326957723 a composite number?
False
Is 1349579183 a prime number?
False
Is 916422569 composite?
False
Is 1231626407 a composite number?
True
Is 10092997181 a prime number?
False
Is 16318158097 a composite number?
True
Is 12168308683 prime?
False
Is 8973250087 prime?
True
Is 849048649 prime?
False
Is 38432618899 a composite number?
True
Is 1057988213 prime?
True
Is 639705349 a composite number?
True
Is 17899213531 a composite number?
False
Is 547057073 composite?
True
Is 22406959661 composite?
False
Is 2554814849 a prime number?
False
Is 19001995193 composite?
True
Is 45419721527 a prime number?
True
Is 2004156227 a composite number?
False
Is 2022740561 prime?
True
Is 4208279177 composite?
False
Is 14045167733 composite?
False
Is 898102841 a composite number?
True
Is 2317849097 prime?
True
Is 21781520311 a prime number?
False
Is 3098991913 composite?
True
Is 19208203699 a prime number?
True
Is 6489797711 prime?
True
Is 16304629261 a prime number?
True
Is 449201359 prime?
True
Is 15546013367 composite?
False
Is 1240867487 a composite number?
False
Is 395697817 a prime number?
True
Is 323531155 composite?
True
Is 2475230981 prime?
True
Is 1931058914 composite?
True
Is 13137915359 a composite number?
True
Is 543733633 a prime number?
False
Is 155324515403 a composite number?
False
Is 12829686277 prime?
True
Is 208444507 composite?
True
Is 221137217 a composite number?
True
Is 65516792821 prime?
True
Is 222745553 a composite number?
False
Is 11721627266 prime?
False
Is 2067618101 composite?
False
Is 2430027637 prime?
True
Is 654980567 a composite number?
False
Is 239399903 composite?
False
Is 16779793241 composite?
False
Is 15242559041 a composite number?
False
Is 3612145583 composite?
False
Is 8091838717 a composite number?
False
Is 245442289 composite?
True
Is 1122539371 prime?
True
Is 9925612511 a prime number?
True
Is 18032878001 composite?
False
Is 7559011111 a composite number?
True
Is 1063801570561 composite?
False
Is 323414591 composite?
False
Is 6104605697 prime?
False
Is 325353949 a prime number?
True
Is 1776770209 composite?
True
Is 93813479101 composite?
False
Is 476260553 a prime number?
True
Is 31839823181 prime?
True
Is 387393389 prime?
True
Is 1160505487 composite?
False
Is 803407817 a composite number?
False
Is 9948661 a prime number?
False
Is 8222940721 a composite number?
True
Is 12683711927 composite?
False
Is 98831312929 prime?
False
Is 5022882143 composite?
False
Is 2439649137 a prime number?
False
Is 35970039793 prime?
True
Is 2513320603 a composite number?
False
Is 1256622977 a prime number?
True
Is 3566938282 a prime number?
False
Is 2010587039 composite?
True
Is 127940987 a composite number?
True
Is 61981569409 composite?
False
Is 1969684919 composite?
True
Is 70908977 prime?
False
Is 9822627079 a composite number?
True
Is 38524207 composite?
False
Is 11303405447 a prime number?
False
Is 31047407873 composite?
False
Is 11545602631 a prime number?
False
Is 39752943865 composite?
True
Is 3543049307 a composite number?
True
Is 17803757 prime?
True
Is 901577921 composite?
True
Is 2178152927 composite?
False
Is 390779647 a prime number?
False
Is 27468769 a composite number?
True
Is 4934495437 prime?
True
Is 1748021593 a prime number?
False
Is 296332601 a composite number?
True
Is 145075827691 a composite number?
True
Is 3823380499 a prime number?
True
Is 26448031193 composite?
False
Is 6831736537 prime?
True
Is 10388111977 prime?
False
Is 828391093 a composite number?
True
Is 32742069 prime?
False
Is 273755381 a composite number?
False
Is 2986798747 a prime number?
False
Is 504755071 a prime number?
False
Is 124142068949 prime?
True
Is 29475877 composite?
False
Is 4071959377 a composite number?
True
Is 19458582149 a prime number?
True
Is 11137304327 a composite number?
True
Is 8223670261 a prime number?
False
Is 312974017 a prime number?
False
Is 731525689 composite?
True
Is 345154103 a composite number?
True
Is 5656575857 a composite number?
False
Is 1343334023 prime?
True
Is 11186790787 a composite number?
False
Is 26629079879 composite?
False
Is 4639640843 a composite number?
True
Is 6906739397 a prime number?
False
Is 4326335833 a prime number?
True
Is 63432793 a composite number?
False
Is 17917479941 a prime number?
False
Is 320542207 prime?
False
Is 1823049119 a prime number?
False
Is 280942639 a prime number?
True
Is 1375460683 a composite number?
True
Is 6699747883 a prime number?
False
Is 109830660571 prime?
True
Is 43495613717 prime?
True
Is 708290327 composite?
True
Is 1758215861 a composite number?
False
Is 18036433235 a composite number?
True
Is 60086809 composite?
False
Is 4870202743 prime?
False
Is 3873189137 a composite number?
False
Is 11708220287 a prime number?
True
Is 348025319 a composite number?
False
Is 26792300023 a composite number?
True
Is 987792889 a prime number?
True
Is 56806649615 a prime number?
False
Is 38798842837 a composite number?
True
Is 73844867081 prime?
True
Is 5561889527 prime?
True
Is 29321706389 a composite number?
False
Is 11464448129 composite?
False
Is 214144919 a composite number?
False
Is 4205202549 prime?
False
Is 313812431 a prime number?
False
Is 42414263797 prime?
False
Is 5407644769 a composite number?
False
Is 329752919 prime?
True
Is 2082422077 prime?
True
Is 3585408523 a prime number?
True
Is 7054176089 a prime number?
True
Is 1751298179 a prime number?
False
Is 399131329 a prime number?
True
Is 2610892213 composite?
False
Is 80091030427 a composite number?
False
Is 904697363 composite?
True
Is 1400731 a composite number?
False
Is 28763794349 prime?
True
Is 2017129606 a composite number?
True
Is 1778967691 composite?
False
Is 7225586707 a composite number?
False
Is 11149449239 prime?
False
Is 4744707547 a prime number?
False
Is 69627553409 a composite number?
False
Is 558546953 a composite number?
True
Is 1474410919 prime?
False
Is 5158986397 composite?
False
Is 3926260853 a composite number?
False
Is 33287640565 a composite number?
True
Is 694925177 composite?
False
Is 1091996201 a prime number?
True
Is 6357541027 prime?
False
Is 188001109 a composite number?
True
Is 1927757927 composite?
True
Is 82050226711 prime?
True
Is 18237989551 a pr